{"id":9,"date":"2019-08-13T12:15:47","date_gmt":"2019-08-13T12:15:47","guid":{"rendered":"https:\/\/127.0.0.1:8080\/photo-studio\/?page_id=5"},"modified":"2025-09-17T14:58:29","modified_gmt":"2025-09-17T14:58:29","slug":"home","status":"publish","type":"page","link":"https:\/\/slotsbyenskunst.dk\/","title":{"rendered":"Slotsbyens Kunstforening"},"content":{"rendered":"\n<div class=\"wp-block-columns are-vertically-aligned-center is-layout-flex wp-container-core-columns-is-layout-9d6595d7 wp-block-columns-is-layout-flex\">\n<div class=\"wp-block-column is-layout-flow wp-block-column-is-layout-flow\"><\/div>\n<\/div>\n\n\n\n<hr class=\"wp-block-separator has-alpha-channel-opacity\"\/>\n\n\n\n<h3 class=\"wp-block-heading has-text-align-center\" style=\"font-size:24px\"><strong>&nbsp;I Hiller\u00f8ds latinerkvarter Helsing\u00f8rsgade finder du<\/strong> <strong style=\"font-family: inherit; letter-spacing: -0.02em; text-align: center;\">et kunstmekka, hvor Slotsbyens Kunstforening har sit hjemsted.<\/strong><\/h3>\n\n\n\n<h3 class=\"wp-block-heading has-text-align-center\" style=\"font-size:24px\"><strong>Her m\u00f8des kunstnere, kunstelskere og nysgerrige sj\u00e6le i et levende f\u00e6llesskab.<\/strong><\/h3>\n\n\n\n<div class=\"wp-block-responsive-block-editor-addons-gallery-masonry block-b8522dc8-926b-4b7c-a397-766aa66744bd \" data-rba-gallery-block=\"true\"><div class=\"rba-gallery-items\" data-columnsize=\"3\"><div class=\"responsive-block-editor-addons-gallery--item\" data-category=\"uncategorized\"><figure class=\"responsive-block-editor-addons-gallery--figure\"><img loading=\"lazy\" decoding=\"async\" width=\"1024\" height=\"1024\" src=\"http:\/\/slotsbyenskunst.dk\/wp-content\/uploads\/2025\/09\/logo.jpg\" alt=\"\" data-id=\"1938\" data-category=\"uncategorized\" class=\"wp-image-1938\" srcset=\"https:\/\/slotsbyenskunst.dk\/wp-content\/uploads\/2025\/09\/logo.jpg 1024w, https:\/\/slotsbyenskunst.dk\/wp-content\/uploads\/2025\/09\/logo-300x300.jpg 300w, https:\/\/slotsbyenskunst.dk\/wp-content\/uploads\/2025\/09\/logo-150x150.jpg 150w, https:\/\/slotsbyenskunst.dk\/wp-content\/uploads\/2025\/09\/logo-768x768.jpg 768w\" sizes=\"auto, (max-width: 1024px) 100vw, 1024px\" \/><\/figure><\/div><div class=\"responsive-block-editor-addons-gallery--item\" data-category=\"uncategorized\"><figure class=\"responsive-block-editor-addons-gallery--figure\"><img loading=\"lazy\" decoding=\"async\" width=\"798\" height=\"600\" src=\"http:\/\/slotsbyenskunst.dk\/wp-content\/uploads\/2025\/09\/gallery600-1.jpg\" alt=\"\" data-id=\"1943\" data-category=\"uncategorized\" class=\"wp-image-1943\" srcset=\"https:\/\/slotsbyenskunst.dk\/wp-content\/uploads\/2025\/09\/gallery600-1.jpg 798w, https:\/\/slotsbyenskunst.dk\/wp-content\/uploads\/2025\/09\/gallery600-1-300x226.jpg 300w, https:\/\/slotsbyenskunst.dk\/wp-content\/uploads\/2025\/09\/gallery600-1-768x577.jpg 768w\" sizes=\"auto, (max-width: 798px) 100vw, 798px\" \/><\/figure><\/div><div class=\"responsive-block-editor-addons-gallery--item\" data-category=\"uncategorized\"><figure class=\"responsive-block-editor-addons-gallery--figure\"><img loading=\"lazy\" decoding=\"async\" width=\"768\" height=\"1024\" src=\"http:\/\/slotsbyenskunst.dk\/wp-content\/uploads\/2025\/09\/gaester-768x1024.jpg\" alt=\"\" data-id=\"1942\" data-category=\"uncategorized\" class=\"wp-image-1942\" srcset=\"https:\/\/slotsbyenskunst.dk\/wp-content\/uploads\/2025\/09\/gaester-768x1024.jpg 768w, https:\/\/slotsbyenskunst.dk\/wp-content\/uploads\/2025\/09\/gaester-225x300.jpg 225w, https:\/\/slotsbyenskunst.dk\/wp-content\/uploads\/2025\/09\/gaester-1152x1536.jpg 1152w, https:\/\/slotsbyenskunst.dk\/wp-content\/uploads\/2025\/09\/gaester.jpg 1536w\" sizes=\"auto, (max-width: 768px) 100vw, 768px\" \/><\/figure><\/div><div class=\"responsive-block-editor-addons-gallery--item\" data-category=\"uncategorized\"><figure class=\"responsive-block-editor-addons-gallery--figure\"><img loading=\"lazy\" decoding=\"async\" width=\"720\" height=\"960\" src=\"http:\/\/slotsbyenskunst.dk\/wp-content\/uploads\/2025\/09\/Lone-med-kunst.jpg\" alt=\"\" data-id=\"1939\" data-category=\"uncategorized\" class=\"wp-image-1939\" srcset=\"https:\/\/slotsbyenskunst.dk\/wp-content\/uploads\/2025\/09\/Lone-med-kunst.jpg 720w, https:\/\/slotsbyenskunst.dk\/wp-content\/uploads\/2025\/09\/Lone-med-kunst-225x300.jpg 225w\" sizes=\"auto, (max-width: 720px) 100vw, 720px\" \/><\/figure><\/div><div class=\"responsive-block-editor-addons-gallery--item\" data-category=\"uncategorized\"><figure class=\"responsive-block-editor-addons-gallery--figure\"><img loading=\"lazy\" decoding=\"async\" width=\"330\" height=\"300\" src=\"http:\/\/slotsbyenskunst.dk\/wp-content\/uploads\/2025\/09\/AnneMarie300.jpg\" alt=\"\" data-id=\"1815\" data-category=\"uncategorized\" class=\"wp-image-1815\" srcset=\"https:\/\/slotsbyenskunst.dk\/wp-content\/uploads\/2025\/09\/AnneMarie300.jpg 330w, https:\/\/slotsbyenskunst.dk\/wp-content\/uploads\/2025\/09\/AnneMarie300-300x273.jpg 300w\" sizes=\"auto, (max-width: 330px) 100vw, 330px\" \/><\/figure><\/div><div class=\"responsive-block-editor-addons-gallery--item\" data-category=\"uncategorized\"><figure class=\"responsive-block-editor-addons-gallery--figure\"><img loading=\"lazy\" decoding=\"async\" width=\"601\" height=\"300\" src=\"http:\/\/slotsbyenskunst.dk\/wp-content\/uploads\/2025\/09\/Misha300.jpg\" alt=\"\" data-id=\"1823\" data-category=\"uncategorized\" class=\"wp-image-1823\" srcset=\"https:\/\/slotsbyenskunst.dk\/wp-content\/uploads\/2025\/09\/Misha300.jpg 601w, https:\/\/slotsbyenskunst.dk\/wp-content\/uploads\/2025\/09\/Misha300-300x150.jpg 300w\" sizes=\"auto, (max-width: 601px) 100vw, 601px\" \/><\/figure><\/div><div class=\"responsive-block-editor-addons-gallery--item\" data-category=\"uncategorized\"><figure class=\"responsive-block-editor-addons-gallery--figure\"><img loading=\"lazy\" decoding=\"async\" width=\"225\" height=\"300\" src=\"http:\/\/slotsbyenskunst.dk\/wp-content\/uploads\/2025\/09\/helle-sneum3-300.jpg\" alt=\"\" data-id=\"1908\" data-category=\"uncategorized\" class=\"wp-image-1908\"\/><\/figure><\/div><div class=\"responsive-block-editor-addons-gallery--item\" data-category=\"uncategorized\"><figure class=\"responsive-block-editor-addons-gallery--figure\"><img loading=\"lazy\" decoding=\"async\" width=\"750\" height=\"1000\" src=\"http:\/\/slotsbyenskunst.dk\/wp-content\/uploads\/2025\/09\/yngvill.jpg\" alt=\"\" data-id=\"1780\" data-category=\"uncategorized\" class=\"wp-image-1780\" srcset=\"https:\/\/slotsbyenskunst.dk\/wp-content\/uploads\/2025\/09\/yngvill.jpg 750w, https:\/\/slotsbyenskunst.dk\/wp-content\/uploads\/2025\/09\/yngvill-225x300.jpg 225w\" sizes=\"auto, (max-width: 750px) 100vw, 750px\" \/><\/figure><\/div><div class=\"responsive-block-editor-addons-gallery--item\" data-category=\"uncategorized\"><figure class=\"responsive-block-editor-addons-gallery--figure\"><img loading=\"lazy\" decoding=\"async\" width=\"428\" height=\"640\" src=\"http:\/\/slotsbyenskunst.dk\/wp-content\/uploads\/2025\/09\/WallPictureApp-Lene-L.jpg\" alt=\"\" data-id=\"1949\" data-category=\"uncategorized\" class=\"wp-image-1949\" srcset=\"https:\/\/slotsbyenskunst.dk\/wp-content\/uploads\/2025\/09\/WallPictureApp-Lene-L.jpg 428w, https:\/\/slotsbyenskunst.dk\/wp-content\/uploads\/2025\/09\/WallPictureApp-Lene-L-201x300.jpg 201w\" sizes=\"auto, (max-width: 428px) 100vw, 428px\" \/><\/figure><\/div><div class=\"responsive-block-editor-addons-gallery--item\" data-category=\"uncategorized\"><figure class=\"responsive-block-editor-addons-gallery--figure\"><img loading=\"lazy\" decoding=\"async\" width=\"304\" height=\"300\" src=\"http:\/\/slotsbyenskunst.dk\/wp-content\/uploads\/2025\/09\/yngvil300.jpg\" alt=\"\" data-id=\"1827\" data-category=\"uncategorized\" class=\"wp-image-1827\" srcset=\"https:\/\/slotsbyenskunst.dk\/wp-content\/uploads\/2025\/09\/yngvil300.jpg 304w, https:\/\/slotsbyenskunst.dk\/wp-content\/uploads\/2025\/09\/yngvil300-300x296.jpg 300w\" sizes=\"auto, (max-width: 304px) 100vw, 304px\" \/><\/figure><\/div><div class=\"responsive-block-editor-addons-gallery--item\" data-category=\"uncategorized\"><figure class=\"responsive-block-editor-addons-gallery--figure\"><img loading=\"lazy\" decoding=\"async\" width=\"640\" height=\"428\" src=\"http:\/\/slotsbyenskunst.dk\/wp-content\/uploads\/2025\/09\/WallPictureApp-Lise-Lotte.jpg\" alt=\"\" data-id=\"1950\" data-category=\"uncategorized\" class=\"wp-image-1950\" srcset=\"https:\/\/slotsbyenskunst.dk\/wp-content\/uploads\/2025\/09\/WallPictureApp-Lise-Lotte.jpg 640w, https:\/\/slotsbyenskunst.dk\/wp-content\/uploads\/2025\/09\/WallPictureApp-Lise-Lotte-300x201.jpg 300w\" sizes=\"auto, (max-width: 640px) 100vw, 640px\" \/><\/figure><\/div><div class=\"responsive-block-editor-addons-gallery--item\" data-category=\"uncategorized\"><figure class=\"responsive-block-editor-addons-gallery--figure\"><img loading=\"lazy\" decoding=\"async\" width=\"333\" height=\"300\" src=\"http:\/\/slotsbyenskunst.dk\/wp-content\/uploads\/2025\/09\/lene-kure300.jpg\" alt=\"\" data-id=\"1818\" data-category=\"uncategorized\" class=\"wp-image-1818\" srcset=\"https:\/\/slotsbyenskunst.dk\/wp-content\/uploads\/2025\/09\/lene-kure300.jpg 333w, https:\/\/slotsbyenskunst.dk\/wp-content\/uploads\/2025\/09\/lene-kure300-300x270.jpg 300w\" sizes=\"auto, (max-width: 333px) 100vw, 333px\" \/><\/figure><\/div><\/div><\/div>\n\n\n\n<h3 class=\"wp-block-heading has-text-align-center\" style=\"font-size:24px\"><strong>Udstillinger, events og kunstoplevelser binder mennesker sammen.<\/strong><\/h3>\n\n\n\n<hr class=\"wp-block-separator has-alpha-channel-opacity\"\/>\n\n\n\n<h4 class=\"wp-block-heading has-white-color has-black-background-color has-text-color has-background has-link-color wp-elements-c2d7cfeb3e7780053e58deba706a3154\" style=\"font-size:24px\"><strong>Foreningen arbejder for at udbrede kendskabet til original kunst og skabe rammer for m\u00f8der mellem kunstnere og publikum.  Som medlem bliver du en del af et lokalt f\u00e6llesskab med kunstudlodning, s\u00e6rarrangementer og gode medlemsfordele \u2013 alt sammen med kunsten i centrum. Slotsbyens Kunstforening er \u00e5ben for alle, der vil v\u00e6re med til at styrke kunst- og kulturlivet i hjertet af Hiller\u00f8d.<\/strong><\/h4>\n\n\n\n<figure class=\"wp-block-image\"><img decoding=\"async\" src=\"http:\/\/slotsbyenskunst.dk\/wp-content\/uploads\/2025\/09\/Frise1.jpg\" alt=\"\"\/><\/figure>\n\n\n\n<p><\/p>\n\n\n\n<p style=\"font-size:24px\"><strong>Som medlem af Slotsbyens Kunstforening bliver du en del af et levende kunstf\u00e6llesskab i hjertet af Hiller\u00f8d. Medlemskabet koster 350 kr. \u00e5rligt og giver dig adgang til:<\/strong><\/p>\n\n\n\n<p style=\"font-size:24px\">\u2022 Deltagelse i kunstudlodning to gange om \u00e5ret<\/p>\n\n\n\n<p style=\"font-size:24px\">\u2022 Invitationer til udstillinger, ferniseringer og events<\/p>\n\n\n\n<p style=\"font-size:24px\">\u2022 Mulighed for at m\u00f8de kunstnere og blive inspireret<\/p>\n\n\n\n<p style=\"font-size:24px\">\u2022 Et f\u00e6llesskab, hvor kunst og kultur binder os sammen<\/p>\n\n\n\n<p style=\"font-size:24px\">For under 1 krone om dagen er du med til at st\u00f8tte kunsten i Slotsbyen.<\/p>\n\n\n\n<p style=\"font-size:24px\"><strong>Kommende udstillinger<\/strong> Vi gl\u00e6der os til at byde dig velkommen til en r\u00e6kke sp\u00e6ndende udstillinger og events i l\u00f8bet af \u00e5ret. Her vil du kunne opleve b\u00e5de lokale og nationale kunstnere, som deler deres v\u00e6rker, tanker og historier. Hold \u00f8je med vores kalender \u2013 nye arrangementer bliver l\u00f8bende lagt op. Alle udstillinger foreg\u00e5r i Gallery ArtTour, Helsing\u00f8rsgade 29, Hiller\u00f8d.<\/p>\n\n\n\n<p><\/p>\n","protected":false},"excerpt":{"rendered":"<p>&nbsp;I Hiller\u00f8ds latinerkvarter Helsing\u00f8rsgade finder du et kunstmekka, hvor Slotsbyens Kunstforening har sit hjemsted. Her m\u00f8des kunstnere, kunstelskere og nysgerrige sj\u00e6le i et levende f\u00e6llesskab. Udstillinger, events og kunstoplevelser binder [&hellip;]<\/p>\n","protected":false},"author":1,"featured_media":0,"parent":0,"menu_order":0,"comment_status":"closed","ping_status":"closed","template":"","meta":{"_price":"","_stock":"","_tribe_ticket_header":"","_tribe_default_ticket_provider":"","_tribe_ticket_capacity":"0","_ticket_start_date":"","_ticket_end_date":"","_tribe_ticket_show_description":"","_tribe_ticket_show_not_going":false,"_tribe_ticket_use_global_stock":"","_tribe_ticket_global_stock_level":"","_global_stock_mode":"","_global_stock_cap":"","_tribe_rsvp_for_event":"","_tribe_ticket_going_count":"","_tribe_ticket_not_going_count":"","_tribe_tickets_list":"[]","_tribe_ticket_has_attendee_info_fields":false,"footnotes":"","_tec_slr_enabled":"","_tec_slr_layout":""},"class_list":["post-9","page","type-page","status-publish","hentry"],"yoast_head":"<!-- This site is optimized with the Yoast SEO plugin v25.9 - https:\/\/yoast.com\/wordpress\/plugins\/seo\/ -->\n<title>Slotsbyens Kunstforening - Slotsbyens Kunstforening<\/title>\n<meta name=\"description\" content=\"Som medlem af Slotsbyens Kunstforening i Hiller\u00f8d, bliver du en del af et lokalt f\u00e6llesskab. Tilmeld dig i dag og opn\u00e5 rabatter og vind kunst\" \/>\n<meta name=\"robots\" content=\"index, follow, max-snippet:-1, max-image-preview:large, max-video-preview:-1\" \/>\n<link rel=\"canonical\" href=\"http:\/\/slotsbyenskunst.dk\/\" \/>\n<meta property=\"og:locale\" content=\"da_DK\" \/>\n<meta property=\"og:type\" content=\"article\" \/>\n<meta property=\"og:title\" content=\"Slotsbyens Kunstforening - Slotsbyens Kunstforening\" \/>\n<meta property=\"og:description\" content=\"Som medlem af Slotsbyens Kunstforening i Hiller\u00f8d, bliver du en del af et lokalt f\u00e6llesskab. Tilmeld dig i dag og opn\u00e5 rabatter og vind kunst\" \/>\n<meta property=\"og:url\" content=\"http:\/\/slotsbyenskunst.dk\/\" \/>\n<meta property=\"og:site_name\" content=\"Slotsbyens Kunstforening\" \/>\n<meta property=\"article:modified_time\" content=\"2025-09-17T14:58:29+00:00\" \/>\n<meta property=\"og:image\" content=\"http:\/\/slotsbyenskunst.dk\/wp-content\/uploads\/2025\/09\/logo.jpg\" \/>\n<meta name=\"twitter:card\" content=\"summary_large_image\" \/>\n<meta name=\"twitter:label1\" content=\"Estimeret l\u00e6setid\" \/>\n\t<meta name=\"twitter:data1\" content=\"4 minutter\" \/>\n<script type=\"application\/ld+json\" class=\"yoast-schema-graph\">{\"@context\":\"https:\/\/schema.org\",\"@graph\":[{\"@type\":\"WebPage\",\"@id\":\"http:\/\/slotsbyenskunst.dk\/\",\"url\":\"http:\/\/slotsbyenskunst.dk\/\",\"name\":\"Slotsbyens Kunstforening - Slotsbyens Kunstforening\",\"isPartOf\":{\"@id\":\"http:\/\/slotsbyenskunst.dk\/#website\"},\"primaryImageOfPage\":{\"@id\":\"http:\/\/slotsbyenskunst.dk\/#primaryimage\"},\"image\":{\"@id\":\"http:\/\/slotsbyenskunst.dk\/#primaryimage\"},\"thumbnailUrl\":\"http:\/\/slotsbyenskunst.dk\/wp-content\/uploads\/2025\/09\/logo.jpg\",\"datePublished\":\"2019-08-13T12:15:47+00:00\",\"dateModified\":\"2025-09-17T14:58:29+00:00\",\"description\":\"Som medlem af Slotsbyens Kunstforening i Hiller\u00f8d, bliver du en del af et lokalt f\u00e6llesskab. Tilmeld dig i dag og opn\u00e5 rabatter og vind kunst\",\"breadcrumb\":{\"@id\":\"http:\/\/slotsbyenskunst.dk\/#breadcrumb\"},\"inLanguage\":\"da-DK\",\"potentialAction\":[{\"@type\":\"ReadAction\",\"target\":[\"http:\/\/slotsbyenskunst.dk\/\"]}]},{\"@type\":\"ImageObject\",\"inLanguage\":\"da-DK\",\"@id\":\"http:\/\/slotsbyenskunst.dk\/#primaryimage\",\"url\":\"https:\/\/slotsbyenskunst.dk\/wp-content\/uploads\/2025\/09\/logo.jpg\",\"contentUrl\":\"https:\/\/slotsbyenskunst.dk\/wp-content\/uploads\/2025\/09\/logo.jpg\",\"width\":1024,\"height\":1024},{\"@type\":\"BreadcrumbList\",\"@id\":\"http:\/\/slotsbyenskunst.dk\/#breadcrumb\",\"itemListElement\":[{\"@type\":\"ListItem\",\"position\":1,\"name\":\"Hjem\",\"item\":\"http:\/\/slotsbyenskunst.dk\/\"},{\"@type\":\"ListItem\",\"position\":2,\"name\":\"Slotsbyens Kunstforening\"}]},{\"@type\":\"WebSite\",\"@id\":\"http:\/\/slotsbyenskunst.dk\/#website\",\"url\":\"http:\/\/slotsbyenskunst.dk\/\",\"name\":\"Slotsbyens Kunstforening\",\"description\":\"Kunst og f\u00e6llesskab i hjertet af Hiller\u00f8d\",\"publisher\":{\"@id\":\"http:\/\/slotsbyenskunst.dk\/#organization\"},\"potentialAction\":[{\"@type\":\"SearchAction\",\"target\":{\"@type\":\"EntryPoint\",\"urlTemplate\":\"http:\/\/slotsbyenskunst.dk\/?s={search_term_string}\"},\"query-input\":{\"@type\":\"PropertyValueSpecification\",\"valueRequired\":true,\"valueName\":\"search_term_string\"}}],\"inLanguage\":\"da-DK\"},{\"@type\":\"Organization\",\"@id\":\"http:\/\/slotsbyenskunst.dk\/#organization\",\"name\":\"Slotsbyens Kunstforening\",\"url\":\"http:\/\/slotsbyenskunst.dk\/\",\"logo\":{\"@type\":\"ImageObject\",\"inLanguage\":\"da-DK\",\"@id\":\"http:\/\/slotsbyenskunst.dk\/#\/schema\/logo\/image\/\",\"url\":\"https:\/\/slotsbyenskunst.dk\/wp-content\/uploads\/2025\/09\/cropped-logo200.jpg\",\"contentUrl\":\"https:\/\/slotsbyenskunst.dk\/wp-content\/uploads\/2025\/09\/cropped-logo200.jpg\",\"width\":199,\"height\":268,\"caption\":\"Slotsbyens Kunstforening\"},\"image\":{\"@id\":\"http:\/\/slotsbyenskunst.dk\/#\/schema\/logo\/image\/\"}}]}<\/script>\n<!-- \/ Yoast SEO plugin. -->","yoast_head_json":{"title":"Slotsbyens Kunstforening - Slotsbyens Kunstforening","description":"Som medlem af Slotsbyens Kunstforening i Hiller\u00f8d, bliver du en del af et lokalt f\u00e6llesskab. Tilmeld dig i dag og opn\u00e5 rabatter og vind kunst","robots":{"index":"index","follow":"follow","max-snippet":"max-snippet:-1","max-image-preview":"max-image-preview:large","max-video-preview":"max-video-preview:-1"},"canonical":"http:\/\/slotsbyenskunst.dk\/","og_locale":"da_DK","og_type":"article","og_title":"Slotsbyens Kunstforening - Slotsbyens Kunstforening","og_description":"Som medlem af Slotsbyens Kunstforening i Hiller\u00f8d, bliver du en del af et lokalt f\u00e6llesskab. Tilmeld dig i dag og opn\u00e5 rabatter og vind kunst","og_url":"http:\/\/slotsbyenskunst.dk\/","og_site_name":"Slotsbyens Kunstforening","article_modified_time":"2025-09-17T14:58:29+00:00","og_image":[{"url":"http:\/\/slotsbyenskunst.dk\/wp-content\/uploads\/2025\/09\/logo.jpg","type":"","width":"","height":""}],"twitter_card":"summary_large_image","twitter_misc":{"Estimeret l\u00e6setid":"4 minutter"},"schema":{"@context":"https:\/\/schema.org","@graph":[{"@type":"WebPage","@id":"http:\/\/slotsbyenskunst.dk\/","url":"http:\/\/slotsbyenskunst.dk\/","name":"Slotsbyens Kunstforening - Slotsbyens Kunstforening","isPartOf":{"@id":"http:\/\/slotsbyenskunst.dk\/#website"},"primaryImageOfPage":{"@id":"http:\/\/slotsbyenskunst.dk\/#primaryimage"},"image":{"@id":"http:\/\/slotsbyenskunst.dk\/#primaryimage"},"thumbnailUrl":"http:\/\/slotsbyenskunst.dk\/wp-content\/uploads\/2025\/09\/logo.jpg","datePublished":"2019-08-13T12:15:47+00:00","dateModified":"2025-09-17T14:58:29+00:00","description":"Som medlem af Slotsbyens Kunstforening i Hiller\u00f8d, bliver du en del af et lokalt f\u00e6llesskab. Tilmeld dig i dag og opn\u00e5 rabatter og vind kunst","breadcrumb":{"@id":"http:\/\/slotsbyenskunst.dk\/#breadcrumb"},"inLanguage":"da-DK","potentialAction":[{"@type":"ReadAction","target":["http:\/\/slotsbyenskunst.dk\/"]}]},{"@type":"ImageObject","inLanguage":"da-DK","@id":"http:\/\/slotsbyenskunst.dk\/#primaryimage","url":"https:\/\/slotsbyenskunst.dk\/wp-content\/uploads\/2025\/09\/logo.jpg","contentUrl":"https:\/\/slotsbyenskunst.dk\/wp-content\/uploads\/2025\/09\/logo.jpg","width":1024,"height":1024},{"@type":"BreadcrumbList","@id":"http:\/\/slotsbyenskunst.dk\/#breadcrumb","itemListElement":[{"@type":"ListItem","position":1,"name":"Hjem","item":"http:\/\/slotsbyenskunst.dk\/"},{"@type":"ListItem","position":2,"name":"Slotsbyens Kunstforening"}]},{"@type":"WebSite","@id":"http:\/\/slotsbyenskunst.dk\/#website","url":"http:\/\/slotsbyenskunst.dk\/","name":"Slotsbyens Kunstforening","description":"Kunst og f\u00e6llesskab i hjertet af Hiller\u00f8d","publisher":{"@id":"http:\/\/slotsbyenskunst.dk\/#organization"},"potentialAction":[{"@type":"SearchAction","target":{"@type":"EntryPoint","urlTemplate":"http:\/\/slotsbyenskunst.dk\/?s={search_term_string}"},"query-input":{"@type":"PropertyValueSpecification","valueRequired":true,"valueName":"search_term_string"}}],"inLanguage":"da-DK"},{"@type":"Organization","@id":"http:\/\/slotsbyenskunst.dk\/#organization","name":"Slotsbyens Kunstforening","url":"http:\/\/slotsbyenskunst.dk\/","logo":{"@type":"ImageObject","inLanguage":"da-DK","@id":"http:\/\/slotsbyenskunst.dk\/#\/schema\/logo\/image\/","url":"https:\/\/slotsbyenskunst.dk\/wp-content\/uploads\/2025\/09\/cropped-logo200.jpg","contentUrl":"https:\/\/slotsbyenskunst.dk\/wp-content\/uploads\/2025\/09\/cropped-logo200.jpg","width":199,"height":268,"caption":"Slotsbyens Kunstforening"},"image":{"@id":"http:\/\/slotsbyenskunst.dk\/#\/schema\/logo\/image\/"}}]}},"featured_image_src":"","featured_image_src_square":false,"rbea_author_info":{"display_name":"admin","author_link":"https:\/\/slotsbyenskunst.dk\/index.php\/author\/admin\/"},"rbea_excerpt_info":"&nbsp;I Hiller\u00f8ds latinerkvarter Helsing\u00f8rsgade finder du et kunstmekka, hvor Slotsbyens Kunstforening har sit hjemsted. Her m\u00f8des kunstnere, kunstelskere og nysgerrige sj\u00e6le i et levende f\u00e6llesskab. Udstillinger, events og kunstoplevelser binder [&hellip;]","ticketed":false,"_links":{"self":[{"href":"https:\/\/slotsbyenskunst.dk\/index.php\/wp-json\/wp\/v2\/pages\/9","targetHints":{"allow":["GET"]}}],"collection":[{"href":"https:\/\/slotsbyenskunst.dk\/index.php\/wp-json\/wp\/v2\/pages"}],"about":[{"href":"https:\/\/slotsbyenskunst.dk\/index.php\/wp-json\/wp\/v2\/types\/page"}],"author":[{"embeddable":true,"href":"https:\/\/slotsbyenskunst.dk\/index.php\/wp-json\/wp\/v2\/users\/1"}],"replies":[{"embeddable":true,"href":"https:\/\/slotsbyenskunst.dk\/index.php\/wp-json\/wp\/v2\/comments?post=9"}],"version-history":[{"count":106,"href":"https:\/\/slotsbyenskunst.dk\/index.php\/wp-json\/wp\/v2\/pages\/9\/revisions"}],"predecessor-version":[{"id":2017,"href":"https:\/\/slotsbyenskunst.dk\/index.php\/wp-json\/wp\/v2\/pages\/9\/revisions\/2017"}],"wp:attachment":[{"href":"https:\/\/slotsbyenskunst.dk\/index.php\/wp-json\/wp\/v2\/media?parent=9"}],"curies":[{"name":"wp","href":"https:\/\/api.w.org\/{rel}","templated":true}]}}